{"id":6,"date":"2005-09-23T14:24:34","date_gmt":"2005-09-23T12:24:34","guid":{"rendered":"http:\/\/www.spd-rosellen.de\/?page_id=6"},"modified":"2022-03-03T02:59:44","modified_gmt":"2022-03-03T01:59:44","slug":"der-ortsverein","status":"publish","type":"page","link":"https:\/\/www.spd-rosellen.de\/?page_id=6","title":{"rendered":"Der Ortsverein"},"content":{"rendered":"<h2>Der Vorstand<\/h2>\n<p>Der Vorstand des SPD Ortsvereins Rosellen stellt sich vor.<\/p>\n<p><a href=\"index.php?page_id=7\">Weiter&#8230;<\/a><\/p>\n<hr \/>\n<h2>Mitglieder des Ortsvereins in st\u00e4dtischen Aussch\u00fcssen<\/h2>\n<p>Folgende Mitglieder der SPD Rosellen sind als ordentliches Mitglied oder als Stellvertreter in anderen Aussch\u00fcssen der Stadt Neuss t\u00e4tig.<\/p>\n<p><a href=\"index.php?page_id=533\">Weiter&#8230;<\/a><\/p>\n<hr \/>\n<h2>Satzung<\/h2>\n<p>Auf der Mitgliederversammlung vom 19.3.2018 wurde die neue Satzung des OV Rosellen verabschiedet:<br \/>\n<a href=\"http:\/\/www.spd-rosellen.de\/wp-content\/uploads\/2021\/06\/SatzungOVRosellen2021.pdf\" target=\"Satzung\" rel=\"noopener\">Satzung des OV Rosellen in der Fasung vom 10.6.2021<\/a><\/p>\n<hr \/>\n<h2>Mitmachen im Ortsverein<\/h2>\n<p>Sie haben Interesse an Lokal- und Kommunalpolitik? M\u00f6chten sich engagieren f\u00fcr Ihren Heimatort? Es gibt viele M\u00f6glichkeiten, bei uns mitzumachen.<\/p>\n<p><a href=\"index.php?page_id=9\">Weiter&#8230;<\/a><\/p>\n<hr \/>\n<h2>Jusos im Ortsverein<\/h2>\n<p>Auch in unserem Ortsverein gibt es einen Zusammenschluss junger Sozialdemokratinnen und -demokraten im Alter von 14 bis 35 Jahren.<\/p>\n<p><a href=\"https:\/\/www.spd-rosellen.de\/?page_id=2376\">Weiter&#8230;<\/a><\/p>\n","protected":false},"excerpt":{"rendered":"<p>Der Vorstand Der Vorstand des SPD Ortsvereins Rosellen stellt sich vor. Weiter&#8230; Mitglieder des Ortsvereins in st\u00e4dtischen Aussch\u00fcssen Folgende Mitglieder der SPD Rosellen sind als ordentliches Mitglied oder als Stellvertreter in anderen Aussch\u00fcssen der Stadt Neuss t\u00e4tig. Weiter&#8230; Satzung Auf der Mitgliederversammlung vom 19.3.2018 wurde die neue Satzung des OV Rosellen verabschiedet: Satzung des OV [&hellip;]<\/p>\n","protected":false},"author":1,"featured_media":0,"parent":0,"menu_order":1,"comment_status":"closed","ping_status":"closed","template":"","meta":{"footnotes":""},"class_list":["post-6","page","type-page","status-publish","hentry"],"_links":{"self":[{"href":"https:\/\/www.spd-rosellen.de\/index.php?rest_route=\/wp\/v2\/pages\/6","targetHints":{"allow":["GET"]}}],"collection":[{"href":"https:\/\/www.spd-rosellen.de\/index.php?rest_route=\/wp\/v2\/pages"}],"about":[{"href":"https:\/\/www.spd-rosellen.de\/index.php?rest_route=\/wp\/v2\/types\/page"}],"author":[{"embeddable":true,"href":"https:\/\/www.spd-rosellen.de\/index.php?rest_route=\/wp\/v2\/users\/1"}],"replies":[{"embeddable":true,"href":"https:\/\/www.spd-rosellen.de\/index.php?rest_route=%2Fwp%2Fv2%2Fcomments&post=6"}],"version-history":[{"count":7,"href":"https:\/\/www.spd-rosellen.de\/index.php?rest_route=\/wp\/v2\/pages\/6\/revisions"}],"predecessor-version":[{"id":2396,"href":"https:\/\/www.spd-rosellen.de\/index.php?rest_route=\/wp\/v2\/pages\/6\/revisions\/2396"}],"wp:attachment":[{"href":"https:\/\/www.spd-rosellen.de\/index.php?rest_route=%2Fwp%2Fv2%2Fmedia&parent=6"}],"curies":[{"name":"wp","href":"https:\/\/api.w.org\/{rel}","templated":true}]}}