{"id":3,"date":"2005-09-23T07:27:47","date_gmt":"2005-09-23T05:27:47","guid":{"rendered":"http:\/\/www.spd-rosellen.de\/?page_id=3"},"modified":"2026-01-29T20:50:27","modified_gmt":"2026-01-29T19:50:27","slug":"stadtverordnete","status":"publish","type":"page","link":"https:\/\/www.spd-rosellen.de\/?page_id=3","title":{"rendered":"Stadtverordnete"},"content":{"rendered":"<h3>Wahlperiode 2020-2025 (ab 3.3.2023) und Wahlperiode 2025-2030 (ab 1.11.2025)<\/h3>\n<p><img loading=\"lazy\" decoding=\"async\" src=\"http:\/\/www.spd-rosellen.de\/wp-content\/uploads\/2020\/06\/graefe-henne2020.jpg\" class=\"size-large wp-image-2128\" width=\"300\" height=\"211\" alt=\"Susanne Graefe-Henne\"\/><br \/>\n<b>Susanne Graefe-Henne<\/b><br \/>\nRosellener Schulstra\u00dfe 5<br \/>\n41470 Neuss<br \/>\nTelefon: 0173\/3851182<\/p>\n<hr \/>\n<p>* 1961 in Rheine<\/p>\n<p>Leiterin von Deutschkursen f\u00fcr Migranten<\/p>\n<p>stellvertretende Vorsitzende der SPD Rosellen in Neuss<\/p>\n<p><strong><em>Aussch\u00fcsse im Rat 2025-2030:<\/em><\/strong><\/p>\n<p><strong>Mitglied im<\/strong><\/p>\n<ul>\n<li>Ausschuss f\u00fcr Chancengerechtigkeit und Integration als Sprecherin< \/li>\n        <\/li>\n<li>Ausschuss f\u00fcr Soziales und Inklusion als Sprecherin<\/li>\n<li>BZA Norf als stv. Vorsitzende und Sprecherin<\/li>\n<li>Verbandsversammlung Sparkassenzweckverband<\/li>\n<\/ul>\n<p><strong>Stellvertretendes Mitglied im<\/strong><\/p>\n<ul>\n<li>Ausschuss f\u00fcr Umwelt, Gr\u00fcnfl\u00e4chen und Klimaschutz\/li&gt;<\/li>\n<li>Kulturausschuss<\/li>\n<li>BZA Rosellen<\/li>\n<\/ul>\n<p><strong>Ersatz-Stellvertretendes Mitglied im<\/strong><\/p>\n<ul>\n<li>Ausschuss f\u00fcr Anregungen, Beschwerden und B\u00fcrgerbeteiligung<\/li>\n<li>Jugendhilfeausschuss<\/li>\n<\/ul>\n<h3>Wahlperiode des Rates 2014-2020, Wahlperiode 2020-2025 und Wahlperiode 2025-2030 (ab 1.11.2025)<\/h3>\n<p><img loading=\"lazy\" decoding=\"async\" src=\"http:\/\/www.spd-rosellen.de\/wp-content\/uploads\/2020\/06\/hildebrandt-2020-300x211.jpg\" alt=\"Ralph-Erich Hildebrandt\" width=\"300\" height=\"211\" class=\"size-Portrait-(300px) wp-image-2121\" srcset=\"https:\/\/www.spd-rosellen.de\/wp-content\/uploads\/2020\/06\/hildebrandt-2020-300x211.jpg 300w, https:\/\/www.spd-rosellen.de\/wp-content\/uploads\/2020\/06\/hildebrandt-2020-150x105.jpg 150w, https:\/\/www.spd-rosellen.de\/wp-content\/uploads\/2020\/06\/hildebrandt-2020-214x150.jpg 214w, https:\/\/www.spd-rosellen.de\/wp-content\/uploads\/2020\/06\/hildebrandt-2020-427x300.jpg 427w, https:\/\/www.spd-rosellen.de\/wp-content\/uploads\/2020\/06\/hildebrandt-2020.jpg 769w\" sizes=\"auto, (max-width: 300px) 100vw, 300px\" \/><\/p>\n<h2>Ralph-Erich Hildebrandt<\/h2>\n<p>Wilhelm-Lehmbruck-Str. 68<br \/>\n41470 Neuss<br \/>\nTelefon: 02137 \/ 919996<br \/>\nMobil: 0177 \/ 4224764<\/p>\n<hr \/>\n<p>* 1961 in Duisburg-Meiderich<br \/>\nStudium der Mathematik und Physik an der Heinrich-Heine-Universit\u00e4t D\u00fcsseldorf<\/p>\n<p>Oberstudienrat f\u00fcr die F\u00e4cher Mathematik und Informatik am Konrad-Adenauer-Gymnasium Langenfeld<\/p>\n<p>Im Nebenamt<\/p>\n<ul>\n<li>Moderator f\u00fcr Mathematik Gymnasium\/Sekundarstufe II bei der Bezirksregierung D\u00fcsseldorf und Mitglied in der Steuergruppe<\/li>\n<li>Moderator f\u00fcr Mathematik bei der Bezirksregierung D\u00fcsseldorf als Redaktionsleiter des Mathe-Treffs<\/li>\n<li>Beh\u00f6rdlicher Datenschutzbeauftragter f\u00fcr Schulen im Rhein-Kreis Neuss<\/li>\n<\/ul>\n<p>Co-Vorsitzender der SPD Rosellen in Neuss<\/p>\n<p>Schriftf\u00fchrer des SPD Stadtverbandes Neuss<\/p>\n<p><strong><em>Aussch\u00fcsse im Rat 2025-2030:<\/em><\/strong><\/p>\n<p><strong>Mitglied im<\/strong><\/p>\n<ul>\n<li>Mobilit\u00e4ts- und Infrastrukturausschuss<\/li>\n<li>Ausschuss f\u00fcr Anregungen, Beschwerden und B\u00fcrgerbeteiligung als Sprecher<\/li>\n<li>Verwaltungsrat der Infrastruktur Neuss A\u00f6R<\/li>\n<li>Verbandsversammlung der ITK Rheinland<\/li>\n<li>Aufsichtsrat der Neuss-D\u00fcsseldorfer H\u00e4fen GmbH &#038; Co KG<\/li>\n<li>Aufsichtsrat der RheinCargo GmbH &#038; Co KG<\/li>\n<li>Aufsichtsrat der Hafen D\u00fcsseldorf-Reisholz EntwicklungsGmbH<\/li>\n<li>Bezirksausschuss Rosellen als stv. Vorsitzender und Sprecher<\/li>\n<\/ul>\n<p><strong>Stellvertretendes Mitglied im<\/strong><\/p>\n<ul>\n<li>Ausschuss f\u00fcr Strukturwandel, Wirtschaft &#038; Besch\u00e4ftigung<\/li>\n<li>Sportausschuss<\/li>\n<li>Komitee f\u00fcr St\u00e4dtepartnerschaften, Europa und Internationales<\/li>\n<\/ul>\n<p><strong>Ersatz-Stellvertretendes Mitglied im<\/strong><\/p>\n<ul>\n<li>Bezirksausschuss Norf<\/li>\n<\/ul>\n<h3>Wahlperiode 2020-2025 und Wahlperiode (ab 1.11.2025)<\/h3>\n<p><img loading=\"lazy\" decoding=\"async\" src=\"http:\/\/www.spd-rosellen.de\/wp-content\/uploads\/2020\/10\/Verena-Kiechle2-300x200.png\" class=\"alignnone size-Portrait-(300px) wp-image-2270\" alt=\"Verena Kiechle\" width=\"300\" height=\"200\" srcset=\"https:\/\/www.spd-rosellen.de\/wp-content\/uploads\/2020\/10\/Verena-Kiechle2-300x200.png 300w, https:\/\/www.spd-rosellen.de\/wp-content\/uploads\/2020\/10\/Verena-Kiechle2-1024x683.png 1024w, https:\/\/www.spd-rosellen.de\/wp-content\/uploads\/2020\/10\/Verena-Kiechle2-768x512.png 768w, https:\/\/www.spd-rosellen.de\/wp-content\/uploads\/2020\/10\/Verena-Kiechle2-1536x1024.png 1536w, https:\/\/www.spd-rosellen.de\/wp-content\/uploads\/2020\/10\/Verena-Kiechle2-150x100.png 150w, https:\/\/www.spd-rosellen.de\/wp-content\/uploads\/2020\/10\/Verena-Kiechle2-225x150.png 225w, https:\/\/www.spd-rosellen.de\/wp-content\/uploads\/2020\/10\/Verena-Kiechle2-450x300.png 450w, https:\/\/www.spd-rosellen.de\/wp-content\/uploads\/2020\/10\/Verena-Kiechle2.png 1800w\" sizes=\"auto, (max-width: 300px) 100vw, 300px\" \/><\/p>\n<h2>Verena Kiechle<\/h2>\n<p>Mobil: 0170\/5706886<\/p>\n<p>* 1980 in Dorsten<\/p>\n<p>Angestellte der SPD-Stadtratsfraktion Grevenbroich<br \/>\nCo-Vorsitzende der SPD Rosellen<br \/>\nStellvertretende Vorsitzende im Fraktionsvorstand der SPD Fraktion<\/p>\n<p><strong><em>Aussch\u00fcsse im Rat 2025-2030:<\/em><\/strong><\/p>\n<p><strong>Mitglied im<\/strong><\/p>\n<ul>\n<li>Ausschuss f\u00fcr Soziales und Inklusion als Vorsitzende<\/li>\n<li>\u00c4ltestenrat<\/li>\n<li>Haupt-, Sicherheits- und Gleichstellungsausschuss<\/li>\n<li>Jugendhilfeausschuss<\/li>\n<li>Wahlpr\u00fcfungsausschuss<\/li>\n<li>Aufsichtsrat der Neusser Bauverein GmbH<\/li>\n<li>Aufsichtsrat der Kreiswerke Grevenbroich GmbH<\/li>\n<li>BZA Rosellen<\/li>\n<li>Mitglied der Delegiertenversammlung im Erftverband<\/li>\n<li>Aufsichtsrat elco GmbH<\/li>\n<\/ul>\n<p><strong>Stellvertretendes Mitglied im<\/strong><\/p>\n<ul>\n<li>Chancengerechtigkeit und Integration<\/li>\n<li>Sportausschuss<\/li>\n<li>Wahlausschuss<\/li>\n<\/ul>\n","protected":false},"excerpt":{"rendered":"<p>Wahlperiode 2020-2025 (ab 3.3.2023) und Wahlperiode 2025-2030 (ab 1.11.2025) Susanne Graefe-Henne Rosellener Schulstra\u00dfe 5 41470 Neuss Telefon: 0173\/3851182 * 1961 in Rheine Leiterin von Deutschkursen f\u00fcr Migranten stellvertretende Vorsitzende der SPD Rosellen in Neuss Aussch\u00fcsse im Rat 2025-2030: Mitglied im Ausschuss f\u00fcr Chancengerechtigkeit und Integration als Sprecherin< \/li> Ausschuss f\u00fcr Soziales und Inklusion als Sprecherin [&hellip;]<\/p>\n","protected":false},"author":1,"featured_media":0,"parent":0,"menu_order":2,"comment_status":"closed","ping_status":"closed","template":"","meta":{"footnotes":""},"class_list":["post-3","page","type-page","status-publish","hentry"],"_links":{"self":[{"href":"https:\/\/www.spd-rosellen.de\/index.php?rest_route=\/wp\/v2\/pages\/3","targetHints":{"allow":["GET"]}}],"collection":[{"href":"https:\/\/www.spd-rosellen.de\/index.php?rest_route=\/wp\/v2\/pages"}],"about":[{"href":"https:\/\/www.spd-rosellen.de\/index.php?rest_route=\/wp\/v2\/types\/page"}],"author":[{"embeddable":true,"href":"https:\/\/www.spd-rosellen.de\/index.php?rest_route=\/wp\/v2\/users\/1"}],"replies":[{"embeddable":true,"href":"https:\/\/www.spd-rosellen.de\/index.php?rest_route=%2Fwp%2Fv2%2Fcomments&post=3"}],"version-history":[{"count":69,"href":"https:\/\/www.spd-rosellen.de\/index.php?rest_route=\/wp\/v2\/pages\/3\/revisions"}],"predecessor-version":[{"id":2585,"href":"https:\/\/www.spd-rosellen.de\/index.php?rest_route=\/wp\/v2\/pages\/3\/revisions\/2585"}],"wp:attachment":[{"href":"https:\/\/www.spd-rosellen.de\/index.php?rest_route=%2Fwp%2Fv2%2Fmedia&parent=3"}],"curies":[{"name":"wp","href":"https:\/\/api.w.org\/{rel}","templated":true}]}}